lculate the greatest common divisor of r and 20.
20
Let y be (-2)/(-10) + 996/(-30). Let w be y/(3 - (-8)/(-2)). Calculate the greatest common factor of 11 and w.
11
Let g be (-13 + (1 - -2))/((-2)/32). What is the greatest common factor of g and 20?
20
Let k(o) = 6*o + 0*o - 5 + o**3 - o + 7*o**2. Let g be k(-5). Let l be (-24)/10*g/(-3). What is the greatest common factor of l and 32?
16
Let o = -1 - -6. Suppose o = -4*v - 15, -3*b - 3*v + 336 = 0. Calculate the greatest common divisor of 13 and b.
13
Let n be 1 - (-1 - (-1 + 0)). Let v(g) = g**3 - 7*g**2 + 6*g + 3. Let u be v(6). Let f = 4 + u. What is the highest common divisor of n and f?
1
Suppose 8*m - 3*m - 85 = 0. Let o be (-10)/(-3 + 147/51). What is the greatest common factor of o and m?
17
Let t = 86 + 57. Suppose 22 + 4 = 2*b. Calculate the greatest common factor of b and t.
13
Suppose 0 = -w - 4*y + 60, 4*w - 257 - 3 = 4*y. What is the greatest common divisor of 8 and w?
8
Let b = 24 - 6. What is the highest common divisor of b and 6?
6
Let z = -1 - -2. Let h(g) = 3*g - 1 - 2*g + 20*g**2 + 0*g. Let i be h(z). What is the greatest common divisor of 80 and i?
20
Let b be 16/3 + 3/(-9). Calculate the greatest common divisor of 5 and b.
5
Let a(f) = -f - 1. Let v be a(-5). Let n be ((-9)/3)/((-3)/16). What is the highest common divisor of n and v?
4
Let v(m) = m**2 + m. Let t(w) = 7*w**3 - 3*w**2 - 5*w - 1. Let s(n) = -t(n) - 4*v(n). Let k be s(-1). What is the highest common factor of 36 and k?
6
Let z = 20 - 33. Suppose -3*v - 2 = -5, -3*l - 5*v + 14 = 0. Let s = l - z. What is the greatest common divisor of 48 and s?
16
Let b = -4 - -8. Let q(c) = -c**3 - 5*c**2 - 4*c + 3. Let s be q(-4). Suppose s*h - 8*h + 10 = 0. Calculate the greatest common factor of h and b.
2
Suppose 3*x + 4*r - 52 = 0, -2*x - 3*r + 72 = 3*x. Let s = 24 - x. Calculate the greatest common factor of s and 12.
12
Let s be (-146)/(-2) + (-8)/8. Suppose s = u + 18. Calculate the greatest common factor of u and 9.
9
Let d(r) = -r**2 + 5*r - 3. Let o be d(3). Calculate the greatest common divisor of o and 2.
1
Let c(h) = -h**3 + 6*h**2 - 8*h + 3. Let m be c(4). Suppose -4*v + 20 = -m*v. Calculate the highest common divisor of v and 120.
20
Suppose 0 = 3*w - 36 - 54. What is the highest common divisor of w and 12?
6
Suppose 0*h + 4*q = -2*h + 34, -4*q + 8 = 0. What is the highest common factor of h and 143?
13
Let f = -13 - -202. Calculate the highest common divisor of 21 and f.
21
Let n(v) = -v**3 + 6*v**2 - 4*v + 7. Let j be n(5). Let d be (12/15)/(4/10). Let s = 10 + d. What is the highest common divisor of j and s?
12
Let a(z) = z**3 + 5*z**2 - 5*z - 3. Let n be a(-5). Let x = 31 - n. What is the greatest common factor of 72 and x?
9
Suppose 2*w + 45 = 3*r, -2*r + 14 = -r - w. Let t = r + -7. Calculate the highest common divisor of t and 70.
10
Suppose -5*i = 2*l + 1, -4*i = -9*i - 5. Let v = 11 + 3. Calculate the greatest common factor of l and v.
2
Let y = -12 - -16. Suppose 4*z = -a + 544, 0 = -y*z - z - 4*a + 680. Calculate the highest common factor of z and 17.
17
Let v = 112 + -110. Let r be 2/((3/8)/3). Calculate the greatest common factor of r and v.
2
Let o = 128 - 91. Calculate the highest common divisor of 111 and o.
37
Let g(u) = u**3 - 5*u**2 - 2*u**2 + 0*u**3 + 6*u - 2. Let o be g(6). Let f be o/6 - 926/(-6). What is the greatest common divisor of f and 14?
14
Suppose 32 = y - 4*f, 3*f - 33 = -4*y - 0*y. Calculate the greatest common factor of y and 156.
12
Suppose -4*s + 39 = 5*t - 119, s + 173 = 5*t. Let k be (-1248)/(-10) - 2/(-10). Suppose -k + 380 = 5*n. What is the greatest common divisor of n and t?
17
Let a be 535*3/15 + 1 + 2. What is the greatest common divisor of a and 10?
10
Let t(a) = -a**3 - 3*a**2 - 3*a. Let u be t(-2). Suppose 4*h - 8 = -0*h, 78 = u*p + 4*h. Calculate the highest common divisor of 7 and p.
7
Suppose 4*b + 4*o - 36 = 0, 3*b - 2*o = -4*o + 23. Calculate the greatest common divisor of b and 1.
1
Let a = 116 - 86. Calculate the highest common factor of a and 12.
6
Let q be 2/3 + 28/3. Let y(b) = -2*b + 24. Let n be y(-8). What is the greatest common factor of q and n?
10
Let y = -49 - -79. Calculate the highest common factor of 60 and y.
30
Let d = -20 - -29. Let v(b) = -17*b - 3. Let q be v(-6). Calculate the greatest common factor of d and q.
9
Suppose -12*a = -14*a + 54. Suppose 3*q = -5*b - 3, 4*b - 5 = -b + 5*q. Let w be a - (2 - b/(-1)). Calculate the highest common divisor of w and 10.
5
Suppose 0 = -3*x - u + 6, -4*u = -x + 4*x - 15. Let w be (x - 0) + 1 + 2. Calculate the highest common factor of w and 1.
1
Let n(i) = i + 6. Let f be n(-6). Suppose -2*c - 5*v = -104, -c - v - 19 + 65 = f. Calculate the greatest common divisor of c and 14.
14
Let r(j) = j**3 - 28*j**2 + 2*j - 45. Let o be r(28). Let g = 52 + -30. What is the greatest common divisor of o and g?
11
Suppose -4*a = 8*a - 756. Let l = 17 - 10. What is the greatest common divisor of l and a?
7
Suppose 0 = -6*g + 3*g + 138. Suppose 0 = 2*j - 4*j + 5*r + g, 0 = -3*j - 3*r + 111. What is the highest common divisor of j and 3?
3
Let z be -1 + 46*(-4)/(-8). Calculate the highest common factor of z and 22.
22
Let t be (0 - -20)/((-5)/(-10)). Calculate the greatest common factor of 20 and t.
20
Suppose 0 = -3*a + 203 + 196. Suppose -20 = -5*o - 0. Suppose o*b - a = -53. Calculate the highest common factor of b and 50.
10
Suppose 42*u + 44 = 46*u. Suppose 11 = 3*k + 74. Let m be 0/(-2) - k - -1. Calculate the highest common factor of u and m.
11
Suppose 5*o = -2*j + 95, 3*j + 2*o - 133 = 4*o. What is the greatest common factor of j and 18?
9
Let g = 44 - 29. Calculate the highest common factor of 3 and g.
3
Suppose 20 = t + 5*x, -x = 7*t - 2*t - 196. What is the highest common divisor of 10 and t?
10
Let f(s) = -s + 4. Let n be f(3). Let x be (4/(-8))/(n/(-54)). Let j = 3 - 0. What is the highest common divisor of j and x?
3
Let p be 2/(-3) + (-160)/(-6). Let x(u) = 16*u - 5. Let g be x(-5). Let c = g + 150. Calculate the greatest common factor of p and c.
13
Let t(z) be the first derivative of -z**4/2 - 4*z**3/3 - 7*z - 6. Let m be 4/(-1) + (-3 - -2). Let h be t(m). Calculate the highest common factor of 13 and h.
13
Let u(n) = -n**2 + 22*n - 7. Suppose -4*r + 32 = 4*c, -4*r - 7 = -3. Let o be u(c). What is the greatest common factor of 22 and o?
22
Let j(t) = 6*t - 2. Let w be j(3). What is the greatest common divisor of w and 80?
16
Let y = -4 + 6. Suppose 2*d + w - 10 = -d, 0 = -5*w + 5. Suppose 2*v + l - 27 = 0, -d*v + 2*l + 4 = -54. Calculate the highest common divisor of y and v.
2
Let t be (-2)/2*50/(-5). Calculate the greatest common divisor of 5 and t.
5
Suppose -5*b + 226 = 2*r, -5*b - 5*r + 58 = -177. Suppose 0 = -3*g + 12 + 21. What is the highest common divisor of g and b?
11
Suppose 5 = -3*q + 4*q. Let y = 2 - -18. Calculate the highest common factor of q and y.
5
Let l be (-5)/(20/(-12)) + -1. What is the highest common divisor of l and 18?
2
Suppose o + 12 = 3*o. Suppose 5*a - 42 - 3 = 0. What is the greatest common divisor of o and a?
3
Let l(w) = -14*w - 17. Let c be l(-6). Let s = -19 + c. Calculate the highest common factor of s and 12.
12
Let l(h) = -h**2 + 9*h. Let q be l(8). Let t(s) = 7*s**2 + 18*s + 3. Let b be t(-5). What is the highest common factor of b and q?
8
Let j(q) = 2*q**2 + q - 5. Let m be j(3). Calculate the greatest common divisor of 96 and m.
16
Let i(f) = 3*f + 3. Let n be i(9). What is the highest common factor of 5 and n?
5
Let q be (55/(-6))/(-11)*6. Suppose n - 2*n + 58 = 2*r, 3*n = -q*r + 172. Calculate the highest common factor of n and 18.
18
Let u be (-8)/(-28) + (-19)/(-7). Suppose 0*g = u*g - 27. What is the greatest common divisor of 45 and g?
9
Suppose 5*s = -5*d, -4*d - 6 = -4*s + 10. Let j be 10 - 3 - 0 - d. What is the greatest common divisor of j and 6?
3
Let q(j) = j**3 + 6*j**2 + 3*j + 11. Let m be q(-5). Calculate the greatest common factor of m and 231.
21
Let a be (-758)/(-4) - (-3)/(-6). Suppose -359 + 8 = -13*y. What is the highest common divisor of y and a?
27
Suppose -77 = -5*w + 13. Let j = w + 28. Calculate the highest common factor of j and 23.
23
Let y be ((-4)/6)/(2/(-18)). Let t(g) = 4*g**2 - 4*g + 6. Let j be t(y). What is the grea